{"id":1093,"date":"2013-05-05T13:52:11","date_gmt":"2013-05-05T13:52:11","guid":{"rendered":"http:\/\/fsrpowi.de\/?page_id=1093"},"modified":"2025-09-02T16:45:00","modified_gmt":"2025-09-02T16:45:00","slug":"amter","status":"publish","type":"page","link":"http:\/\/fsrpowi.de\/?page_id=1093","title":{"rendered":"\u00c4mter"},"content":{"rendered":"<p><strong>Vorsitzende*r<\/strong><\/p>\n<p class=\"p1\">Die Sprecher*innen vertreten den Fachschaftsrat nach au\u00dfen hin und gelten f\u00fcr Dozierende, Profs und Mitarbeiter*innen am Institut oftmals als Ansprechpartner*innen f\u00fcr die Belange der Studierenden und des Fachschaftsrats. Die Sprecher*innen bringen solche Anliegen in den Sitzungen ein und vermitteln bei Bedarf die verschiedenen Standpunkte. Sowohl in den Sitzungen als auch bei Wahlen sind sie den anderen Mitgliedern gleichgestellt.<\/p>\n<p class=\"p1\">Weitere Aufgaben sind der t\u00e4gliche E-Mail-Verkehr, das Unterzeichnen gewisser Dokumente und das Erstellen sowie die Einhaltung des Jahresplanes des Fachschaftsrates.<\/p>\n<p class=\"p1\">Die Arbeitszeit betr\u00e4gt dazu circa 2 Stunden pro Woche.<\/p>\n<p>&nbsp;<\/p>\n<p><strong>Finanzer*in<\/strong><\/p>\n<p>Die Hauptaufgabe besteht im Erstellen der korrekten Jahresabrechnung, d.h. eingehende Antr\u00e4ge pr\u00fcfen, viele Dokumente kopieren und abheften, bei Abrechnungsproblemen\/Fehlern in Kontakt mit den Antragssteller*innen treten und wenn dann alles passt Geld \u00fcberweisen sowie Belege und Kopien erstellen. Am Ende des Jahres folgt die Gesamtabrechnung. Finanzer*in ist ein Amt, was aus sehr viel \u2013 wenn nicht gar nur \u2013 B\u00fcrokratie besteht, ein Amt, f\u00fcr das eine akribische und genaue Arbeitsweise von N\u00f6ten ist, wenn man nicht irgendwann das Nachsehen haben m\u00f6chte.<\/p>\n<p>Der Arbeitsaufwand variiert sehr stark, betr\u00e4gt aber im Schnitt 2-5 Stunden w\u00f6chentlich.<\/p>\n\n\n<p><\/p>\n\n\n\n<p><\/p>\n\n\n\n<p><strong>\u00d6ffentlichkeitsarbeit<\/strong><\/p>\n\n\n\n<p>Die \u00d6ffentlichkeitsarbeit sollte von 2 Personen \u00fcbernommen werden. Die Aufgaben umfassen die Betreuung aller Kan\u00e4le (Instagram, Telegram, Website) sowie die Beantwortung von Direktnachrichten. Das Amt erfordert ein hohes Ma\u00df an Eigenst\u00e4ndigkeit &#8211; die verantwortlichen Personen m\u00fcssen einen guten \u00dcberblick dar\u00fcber haben, welche Veranstaltungen und Termine anstehen und diese rechtzeitig bewerben. Dar\u00fcber hinaus sollten die Personen Kreativit\u00e4t und einen Blick f\u00fcr das \u00c4sthetische mitbringen.<\/p>\n\n\n\n<p>Der Arbeitsaufwand variiert auch hier sehr stark, betr\u00e4gt aber im Schnitt ebenfalls etwa 2-5 Stunden pro Woche.<\/p>\n\n\n\n<p><\/p>\n","protected":false},"excerpt":{"rendered":"<p>Vorsitzende*r Die Sprecher*innen vertreten den Fachschaftsrat nach au\u00dfen hin und gelten f\u00fcr Dozierende, Profs und Mitarbeiter*innen am Institut oftmals als Ansprechpartner*innen f\u00fcr die Belange der Studierenden und des Fachschaftsrats. Die Sprecher*innen bringen solche Anliegen in den Sitzungen ein und vermitteln bei Bedarf die verschiedenen Standpunkte. Sowohl in den Sitzungen als auch bei Wahlen sind sie [&hellip;]<\/p>\n","protected":false},"author":20,"featured_media":0,"parent":981,"menu_order":3,"comment_status":"closed","ping_status":"closed","template":"","meta":{"footnotes":""},"class_list":["post-1093","page","type-page","status-publish","hentry"],"_links":{"self":[{"href":"http:\/\/fsrpowi.de\/index.php?rest_route=\/wp\/v2\/pages\/1093","targetHints":{"allow":["GET"]}}],"collection":[{"href":"http:\/\/fsrpowi.de\/index.php?rest_route=\/wp\/v2\/pages"}],"about":[{"href":"http:\/\/fsrpowi.de\/index.php?rest_route=\/wp\/v2\/types\/page"}],"author":[{"embeddable":true,"href":"http:\/\/fsrpowi.de\/index.php?rest_route=\/wp\/v2\/users\/20"}],"replies":[{"embeddable":true,"href":"http:\/\/fsrpowi.de\/index.php?rest_route=%2Fwp%2Fv2%2Fcomments&post=1093"}],"version-history":[{"count":8,"href":"http:\/\/fsrpowi.de\/index.php?rest_route=\/wp\/v2\/pages\/1093\/revisions"}],"predecessor-version":[{"id":4439,"href":"http:\/\/fsrpowi.de\/index.php?rest_route=\/wp\/v2\/pages\/1093\/revisions\/4439"}],"up":[{"embeddable":true,"href":"http:\/\/fsrpowi.de\/index.php?rest_route=\/wp\/v2\/pages\/981"}],"wp:attachment":[{"href":"http:\/\/fsrpowi.de\/index.php?rest_route=%2Fwp%2Fv2%2Fmedia&parent=1093"}],"curies":[{"name":"wp","href":"https:\/\/api.w.org\/{rel}","templated":true}]}}