{"id":150,"date":"2011-11-13T00:20:44","date_gmt":"2011-11-13T00:20:44","guid":{"rendered":"http:\/\/fsrpowi.felixwordpress.s5.artos-hosting.de\/?page_id=150"},"modified":"2026-04-10T13:20:36","modified_gmt":"2026-04-10T13:20:36","slug":"mitgliederinnen","status":"publish","type":"page","link":"https:\/\/fsrpowi.de\/?page_id=150","title":{"rendered":"Gew\u00e4hlte &amp; Kooptierte Mitglieder"},"content":{"rendered":"<p style=\"text-align: left;\"><strong>GEW\u00c4HLTE MITGLIEDER<\/strong><\/p>\n<ul>\n<li>Yusuf Alma\u00e7 (M.A.)<\/li>\n<li>Martha Sonneborn (B.A.)<\/li>\n<li>Ben D\u00f6ring (B.A.)<\/li>\n<li>Matilda Aust (M.A.)<\/li>\n<li>Maja Kraguljac (B.A.)<\/li>\n<li>Hazel B\u00f6ttcher (B.A.)<\/li>\n<li>Matilda von Trotha (B.A.)<\/li>\n<li>Leonardo Dimeo (B.A.)<\/li>\n<li>Anthea Pesic (B.A.)<\/li>\n<li>Runa Hungermann (LA GRW)<\/li>\n<\/ul>\n<p>&nbsp;<\/p>\n<p><strong>KOOPTIERTE MITGLIEDER<\/strong><\/p>\n<p>(Auch als nicht gew\u00e4hltes Mitglied der Fachschaft wirst Du ab deiner dritten Teilnahme an unseren Plena zu einem kooptierten Mitglied des FSR und kannst dich bei den Sitzungen einbringen!)<\/p>\n<ul>\n<li>David Rennert (B.A.)<\/li>\n<li>Leonie Hiller (B.A.)<\/li>\n<li>Lea Junginger (B.A.)<\/li>\n<li>Lily Landschreiber (LA GRW)<\/li>\n<li>Mika von Olberg (B.A.)<\/li>\n<li>Nils Friedrich (B.A.)<\/li>\n<li>William Kaniuth (LA GRW)<\/li>\n<li>Annika Mosthaf (B.A.)<\/li>\n<li>Finja Burbeck (B.A.)<\/li>\n<li>Marlena Daenschel (B.A.)<\/li>\n<\/ul>\n","protected":false},"excerpt":{"rendered":"<p>GEW\u00c4HLTE MITGLIEDER Yusuf Alma\u00e7 (M.A.) Martha Sonneborn (B.A.) Ben D\u00f6ring (B.A.) Matilda Aust (M.A.) Maja Kraguljac (B.A.) Hazel B\u00f6ttcher (B.A.) Matilda von Trotha (B.A.) Leonardo Dimeo (B.A.) Anthea Pesic (B.A.) Runa Hungermann (LA GRW) &nbsp; KOOPTIERTE MITGLIEDER (Auch als nicht gew\u00e4hltes Mitglied der Fachschaft wirst Du ab deiner dritten Teilnahme an unseren Plena zu einem [&hellip;]<\/p>\n","protected":false},"author":23,"featured_media":0,"parent":981,"menu_order":2,"comment_status":"closed","ping_status":"closed","template":"","meta":{"footnotes":""},"class_list":["post-150","page","type-page","status-publish","hentry"],"_links":{"self":[{"href":"https:\/\/fsrpowi.de\/index.php?rest_route=\/wp\/v2\/pages\/150","targetHints":{"allow":["GET"]}}],"collection":[{"href":"https:\/\/fsrpowi.de\/index.php?rest_route=\/wp\/v2\/pages"}],"about":[{"href":"https:\/\/fsrpowi.de\/index.php?rest_route=\/wp\/v2\/types\/page"}],"author":[{"embeddable":true,"href":"https:\/\/fsrpowi.de\/index.php?rest_route=\/wp\/v2\/users\/23"}],"replies":[{"embeddable":true,"href":"https:\/\/fsrpowi.de\/index.php?rest_route=%2Fwp%2Fv2%2Fcomments&post=150"}],"version-history":[{"count":139,"href":"https:\/\/fsrpowi.de\/index.php?rest_route=\/wp\/v2\/pages\/150\/revisions"}],"predecessor-version":[{"id":4421,"href":"https:\/\/fsrpowi.de\/index.php?rest_route=\/wp\/v2\/pages\/150\/revisions\/4421"}],"up":[{"embeddable":true,"href":"https:\/\/fsrpowi.de\/index.php?rest_route=\/wp\/v2\/pages\/981"}],"wp:attachment":[{"href":"https:\/\/fsrpowi.de\/index.php?rest_route=%2Fwp%2Fv2%2Fmedia&parent=150"}],"curies":[{"name":"wp","href":"https:\/\/api.w.org\/{rel}","templated":true}]}}