{"id":162,"date":"2011-11-13T00:24:04","date_gmt":"2011-11-13T00:24:04","guid":{"rendered":"http:\/\/fsrpowi.felixwordpress.s5.artos-hosting.de\/?page_id=162"},"modified":"2021-05-27T12:04:53","modified_gmt":"2021-05-27T12:04:53","slug":"studienkommission","status":"publish","type":"page","link":"https:\/\/fsrpowi.de\/?page_id=162","title":{"rendered":"Studienkommission"},"content":{"rendered":"<div id=\"rightcolumn\">\n<div id=\"studienkommission\">\n<div>\n<p><strong>Studienkommision (StuKo) \u2013 2 studentische Vertreter*innen<\/strong><\/p>\n<p>Als einziges parit\u00e4tisch besetztes Gremium (2 Studierende\/2 Dozierende) ber\u00e4t die Studienkommission, laut Hochschulgesetz, \u00a0den Studiendekan bei der Organisation des Lehr- und Studienbetriebs. Zudem ist sie bei der Erstellung der Studien- \u00a0und Pr\u00fcfungsordnung anzuh\u00f6ren. Und f\u00fchrt gemeinsam mit dem Fachschaftsrat Befragungen der Studierenden durch.<\/p>\n<p>Durch die parit\u00e4tische Besetzung haben die Studierenden gro\u00dfen Einfluss und k\u00f6nnen Entscheidungen auch blockieren. In der momentanen Zusammensetzung haben die Studierenden sogar ein leichtes \u00dcbergewicht, weil der externe Lehrende (einer der 2 Dozierenden darf nicht vom Institut sein) sehr studentenfreundlich ist.<br \/>\nZwar sind die Entscheidungen und vor allem die Vorlagen der StuKo nicht bindend und m\u00fcssen vom Fakult\u00e4tsrat abgenickt werden &#8211; die Praxis hat aber in der Vergangenheit gezeigt, dass die Univertreter die Vorbereitungen Ihrer Kollegen in der StuKo selten ablehnen.<br \/>\nInnerhalb der StuKo muss man sich taktisch verhalten. Man kann sich auf ein Thema einschie\u00dfen und eine zentrale \u00c4nderung fordern (wir haben es z. B. fertiggebracht, dass die Pr\u00fcfungsvorleistungen abgeschafft wurden) oder man kann einen Vorgang nur leicht beeinflussen. W\u00e4hlt man ersteren Weg, so kann man sich verbrennen und die Lehrenden stellen keine wesentlichen Entscheidungen mehr zur Debatte, bis es einen Wechsel der studentischen Vertreter*innen gibt. Als Vertreter*in muss man sich also gut \u00fcberlegen ob und wann man diese Karte spielt.<br \/>\nDie Karte ist aber sehr machtvoll, weil es ohne das Ja der Studenten nicht weitergehen kann. So kann man die Lehrenden &#8220;m\u00fcrbe&#8221; diskutieren, weil es diesen oft nur um einen schnellen Abschluss geht.<br \/>\nWir haben in der StuKo die neuen Bachelorrichtlinien \u00fcberarbeitet und massiv zu studentischen Gunsten ver\u00e4ndert und wollen \u00fcbers Sommersemester noch die Masteraufstockung von 14 auf 30 Pl\u00e4tze auf den Weg bringen.\u00a0Die n\u00e4chste Aufgabe ist dann die Evaluation der Studieng\u00e4nge.<\/p>\n<p>Der Arbeitsaufwand ist von Woche zu Woche unterschiedlich. Je nachdem ob wichtige Entscheidungen gerade anstehen, oder eben nicht. Deshalb ist ein gewisses Ma\u00df an Flexibilit\u00e4t f\u00fcr die Vertreter*innen unerl\u00e4sslich.<\/p>\n<\/div>\n<\/div>\n<\/div>\n","protected":false},"excerpt":{"rendered":"<p>Studienkommision (StuKo) \u2013 2 studentische Vertreter*innen Als einziges parit\u00e4tisch besetztes Gremium (2 Studierende\/2 Dozierende) ber\u00e4t die Studienkommission, laut Hochschulgesetz, \u00a0den Studiendekan bei der Organisation des Lehr- und Studienbetriebs. Zudem ist sie bei der Erstellung der Studien- \u00a0und Pr\u00fcfungsordnung anzuh\u00f6ren. Und f\u00fchrt gemeinsam mit dem Fachschaftsrat Befragungen der Studierenden durch. Durch die parit\u00e4tische Besetzung haben die [&hellip;]<\/p>\n","protected":false},"author":20,"featured_media":0,"parent":8,"menu_order":3,"comment_status":"open","ping_status":"closed","template":"","meta":{"footnotes":""},"class_list":["post-162","page","type-page","status-publish","hentry"],"_links":{"self":[{"href":"https:\/\/fsrpowi.de\/index.php?rest_route=\/wp\/v2\/pages\/162","targetHints":{"allow":["GET"]}}],"collection":[{"href":"https:\/\/fsrpowi.de\/index.php?rest_route=\/wp\/v2\/pages"}],"about":[{"href":"https:\/\/fsrpowi.de\/index.php?rest_route=\/wp\/v2\/types\/page"}],"author":[{"embeddable":true,"href":"https:\/\/fsrpowi.de\/index.php?rest_route=\/wp\/v2\/users\/20"}],"replies":[{"embeddable":true,"href":"https:\/\/fsrpowi.de\/index.php?rest_route=%2Fwp%2Fv2%2Fcomments&post=162"}],"version-history":[{"count":3,"href":"https:\/\/fsrpowi.de\/index.php?rest_route=\/wp\/v2\/pages\/162\/revisions"}],"predecessor-version":[{"id":3116,"href":"https:\/\/fsrpowi.de\/index.php?rest_route=\/wp\/v2\/pages\/162\/revisions\/3116"}],"up":[{"embeddable":true,"href":"https:\/\/fsrpowi.de\/index.php?rest_route=\/wp\/v2\/pages\/8"}],"wp:attachment":[{"href":"https:\/\/fsrpowi.de\/index.php?rest_route=%2Fwp%2Fv2%2Fmedia&parent=162"}],"curies":[{"name":"wp","href":"https:\/\/api.w.org\/{rel}","templated":true}]}}